est common factor of 19 and l.
19
Let n be 78 + -49 - (-5)/((-10)/8). Suppose 3*m + 2*h = 24, 4*h = 2*m - 0*h - 32. Suppose -q + m = q. Calculate the greatest common divisor of n and q.
5
Let z = -1163 + 1185. Calculate the greatest common factor of z and 506.
22
Suppose -4*m + 0 = -4, -w + 3*m + 60 = 0. What is the highest common factor of w and 84?
21
Suppose -1575 = -5*m + 2420. Let u = m - 469. Suppose -u = -4*w + 102. Calculate the greatest common divisor of w and 27.
27
Let n be (28/(-56))/(2/(-244)). What is the highest common divisor of n and 1769?
61
Let d(v) = v**3. Let i(q) = q**3 + 10*q**2 - 18*q + 11. Let g(x) = -2*d(x) + i(x). Let o be g(7). What is the highest common divisor of 8 and o?
8
Suppose 4*g - 2*j - 3428 = 0, -192*j + 188*j = g - 839. Calculate the greatest common divisor of 475 and g.
95
Let x be 17/(-3) + 12/(-9). Let d = 11 - x. Suppose 10*k + 2 = 11*k. What is the highest common divisor of d and k?
2
Let v(n) = 2*n + 67. Let o be v(-15). Suppose 2*x - o = -3. Let m(l) = 14*l + 1. Let y be m(6). Calculate the highest common divisor of x and y.
17
Suppose -5*q + 234 = 4*n, 5*n = -3*q + 6*n + 137. Calculate the greatest common divisor of q and 4.
2
Let h(c) = -c**3 + 18*c + 1. Let p be h(4). What is the highest common factor of 18 and p?
9
Let o(b) = -4*b**3 + 3*b**2 + 2*b - 1. Let z be o(3). Let w = z + 204. What is the highest common factor of w and 16?
16
Suppose 0 = 2*d - 3*d. Suppose d = -f - 3*k + 143, 115 + 28 = f - 2*k. Let b(m) = m**2 - 3*m - 5. Let g be b(6). What is the greatest common factor of f and g?
13
Let o(l) = -54*l - 136. Let t be o(-4). Calculate the greatest common factor of t and 25.
5
Let o = -394 + 454. Calculate the greatest common factor of o and 40.
20
Let h be 24 - (23 + -7)/4. What is the highest common divisor of 205 and h?
5
Suppose -2296 - 5888 = -31*z. What is the greatest common factor of 66 and z?
66
Suppose 114*l + 1056 = 116*l. Suppose 0 = 2*u + 2*u - l. What is the greatest common factor of u and 12?
12
Suppose 50476 = 71*y - 7318. What is the greatest common factor of y and 296?
74
Let x be (-2)/(-7 + (-582)/(-84)). Calculate the greatest common factor of x and 812.
28
Let s be (12 + -1)/(2*1/(-2)). Let h = 23 + s. Calculate the highest common factor of 12 and h.
12
Suppose -a + 416 = -365. What is the greatest common divisor of a and 142?
71
Suppose 110 = 2*m - 2*h, 0*m + 3*h - 235 = -5*m. Let q = -5 - -5. Suppose q = -4*w + 75 + 425. Calculate the greatest common factor of m and w.
25
Suppose -70 = -4*o - 6. Let t = 9842 - 9730. What is the greatest common divisor of t and o?
16
Let y(t) = 4*t**2 - 65*t + 13. Let l be y(19). What is the greatest common factor of 74 and l?
74
Let j be (9/(-3))/(1 + 1186/(-1180)). What is the greatest common factor of 10 and j?
10
Let a be (-3)/(-12) - 246/(-8). Suppose -9*n + 7*n = -o + 238, n - 997 = -4*o. What is the highest common factor of o and a?
31
Let o(t) = -3*t**3 + 3*t**2 + 3*t - 2. Let w be o(-3). Suppose 3*g + 49 = w. What is the highest common factor of 32 and g?
16
Let s = 329 - 177. Let d be ((-190)/(-10))/((-1)/(-2)). What is the greatest common factor of d and s?
38
Let g(j) = -j**3 - 3*j**2 + 46*j - 34. Let a be g(-15). Calculate the greatest common divisor of 104 and a.
104
Let o(c) = -160*c. Let k be o(-1). Suppose -m = k - 45. Let b = -55 - m. Calculate the greatest common factor of 90 and b.
30
Let h be 6*(-3)/(-6) - -7. What is the highest common divisor of h and 30?
10
Let p = -12 + 15. Let f be (-4 + 3)*p - -80. Suppose -4*o - 77 = -5*m + f, -63 = -2*m + 3*o. What is the highest common factor of m and 75?
15
Suppose 10*a = -0*a + 130. Let i = 32 - -33. What is the highest common divisor of i and a?
13
Let l(u) = u + 10. Let o be l(-5). Suppose 9*v = o*v + 48. What is the greatest common divisor of 84 and v?
12
Let u = 1 + -5. Let s be (-21 + 20)/(2/u + 0). Calculate the highest common divisor of 10 and s.
2
Let a be (-79500)/(-540) - (8/(-9))/(-4). Calculate the greatest common factor of a and 21.
21
Let c(a) = -a**3 + 9*a**2 - 8*a + 11. Let o be c(8). Let s(k) = -k**2 + 12*k + 8. Let w be s(o). What is the highest common factor of w and 209?
19
Let p be 3*(-3)/(-2 - 1). Let s be 12/(-9)*(p - 18). Calculate the highest common divisor of 200 and s.
20
Let f(s) = s**3 + 7*s**2 - 3*s - 6. Let d be f(-7). Suppose 5*z + 25 = -4*g, 4*z + 9 = -4*g - 7. Let y = z - -15. What is the highest common factor of d and y?
3
Suppose 24*s - 233 = 391. What is the greatest common factor of s and 507?
13
Suppose -5*n = 4*k, -3*k - 2*n = -7 - 0. Let a(r) = 7*r - 10. Let c be a(k). Let q = -2 - -7. What is the highest common divisor of q and c?
5
Suppose 0 = -5*r + 15, 18 = -2*g - 4*r + 44. What is the highest common factor of 133 and g?
7
Let r be 75*(2 - 4 - (4 - 7)). Suppose -2*n + 189 + r = 0. Suppose 2*x - 9 - 15 = 0. Calculate the greatest common factor of x and n.
12
Suppose -3588 = -51*b - 732. Let w = 9 + -1. Calculate the greatest common divisor of w and b.
8
Let o = -7 + 10. Suppose 3*h - 2 = 10. Suppose -k - 63 = -h*k. Calculate the highest common divisor of k and o.
3
Let x(t) = t**3 + 12*t**2 - 33*t - 26. Let i be x(-14). What is the highest common factor of 8 and i?
4
Let i be (-13 - -10) + -5 + 1. Let y be i + 1 + (2 - 4). Let z = y + 20. What is the greatest common divisor of 4 and z?
4
Let h(w) = 2*w - 12. Let s = 11 + -3. Let p be h(s). Suppose 68 = 2*t - 2*d, -5*t + 2*t = -p*d - 106. What is the highest common factor of 15 and t?
15
Let x(z) = z**3 + 11*z**2 + 8*z + 1. Let w be x(-10). Calculate the greatest common factor of w and 315.
21
Suppose 5*i - 288 = -2*c, 0 = -4*i - 7*c + 10*c + 212. What is the highest common factor of 7 and i?
7
Let g be ((-99)/22)/(0 - 6/56). Calculate the highest common factor of 210 and g.
42
Let k = 426 + -348. Suppose -2*w - w + 18 = 0. Let c(p) = 2*p**2 - 2*p - 8. Let d be c(w). What is the highest common divisor of k and d?
26
Let i be 11/((-154)/(-12))*119. Suppose 3*b = 3*f - b - 68, b + i = 5*f. What is the highest common factor of 4 and f?
4
Let b be (6 + (-2)/1)*1. Let s be (b/(-10))/(1/(-20)). Let y = -39 + 43. What is the greatest common factor of s and y?
4
Suppose 15*d - 5*d = -18*d + 1176. Let x = 6 - -8. What is the greatest common factor of d and x?
14
Let q = 269 - 254. Let w(p) = 6*p**2 + 2*p. Let t be w(3). What is the highest common factor of t and q?
15
Let n be 4*(-2)/((-64)/552). What is the highest common factor of 437 and n?
23
Suppose 782 = 33*i - 16*i. Let c(w) = 116*w**3 - 2*w**2 + 1. Let t = 5 + -4. Let p be c(t). What is the highest common factor of p and i?
23
Let g = -113 + 253. Let a be (-32)/80*(-6)/(24/140). Calculate the highest common divisor of g and a.
14
Let b = -106 + 112. What is the highest common factor of b and 27?
3
Let m(h) = h**2 + 58*h - 55. Let r be m(-60). What is the highest common factor of r and 208?
13
Suppose 0 = -34*k - 0*k + 272. Let f(y) = y**3 + 2*y + 72. Let d be f(0). What is the highest common factor of d and k?
8
Suppose 119*f - 110*f - 117 = 0. Calculate the highest common factor of 2 and f.
1
Suppose -14*a = -77 - 63. Suppose -2*g + 5*o = -65, -5*g + 2*o = -10*g + 119. What is the highest common divisor of g and a?
5
Let g be (-1)/6 + (-43)/(-6). Suppose c = 9 - g. Let k be (-4 + c)/(4/(-8)). What is the highest common factor of k and 16?
4
Suppose 4*n - 78 = -2*r - 0*r, -3*n - 144 = -3*r. What is the highest common factor of 477 and r?
9
Suppose -2*f = f + 39. Let p = -9 - f. Suppose -x + 11 = -3*g + 150, -172 = -p*g - 2*x. Calculate the greatest common divisor of g and 9.
9
Let g be 2/4 - (-11)/2. Let f = -3 + g. Suppose -5*r = 4*y - 135, -2*r - 74*y = -75*y - 54. Calculate the highest common factor of r and f.
3
Let b = 54 + -35. Suppose 16*f + 27 = b*f. What is the highest common divisor of 36 and f?
9
Let i = 3 + -8. Let r(z) = z**2 - 10. Let j be r(i). What is the highest common divisor of j and 5?
5
Suppose 5*i + 25 = 20. Let k be (1/(-4) - (-243)/(-36))*i. What is the highest common divisor of k and 7?
7
Let y(v) = -1. Let n(g) = -g**3 - 3*g**2 + g + 19. Let w(c) = n(c) + 6*y(c). Let l be w(-6). Calculate the highest common divisor of 23 and l.
23
Suppose -351 = -19*y + 16*y. What is the greatest common divisor o